29
List the prime factors of 5120.
2, 5
List the prime factors of 988.
2, 13, 19
List the prime factors of 1764.
2, 3, 7
List the prime factors of 27702.
2, 3, 19
What are the prime factors of 18890?
2, 5, 1889
List the prime factors of 4705.
5, 941
What are the prime factors of 13900?
2, 5, 139
What are the prime factors of 160?
2, 5
What are the prime factors of 1041?
3, 347
What are the prime factors of 15404?
2, 3851
What are the prime factors of 4714?
2, 2357
List the prime factors of 8210.
2, 5, 821
What are the prime factors of 2312?
2, 17
List the prime factors of 1225.
5, 7
What are the prime factors of 812?
2, 7, 29
What are the prime factors of 1507?
11, 137
List the prime factors of 2031.
3, 677
What are the prime factors of 16007?
16007
List the prime factors of 4477.
11, 37
What are the prime factors of 750?
2, 3, 5
List the prime factors of 2424.
2, 3, 101
What are the prime factors of 569?
569
List the prime factors of 1159.
19, 61
What are the prime factors of 235?
5, 47
What are the prime factors of 751?
751
List the prime factors of 7538.
2, 3769
List the prime factors of 5027.
11, 457
List the prime factors of 11935.
5, 7, 11, 31
What are the prime factors of 1116?
2, 3, 31
List the prime factors of 6114.
2, 3, 1019
What are the prime factors of 920?
2, 5, 23
What are the prime factors of 963?
3, 107
What are the prime factors of 37020?
2, 3, 5, 617
List the prime factors of 6414.
2, 3, 1069
List the prime factors of 5783.
5783
List the prime factors of 5902.
2, 13, 227
List the prime factors of 33861.
3, 11287
What are the prime factors of 728?
2, 7, 13
What are the prime factors of 4719?
3, 11, 13
List the prime factors of 6599.
6599
List the prime factors of 1690.
2, 5, 13
What are the prime factors of 7859?
29, 271
What are the prime factors of 10606?
2, 5303
List the prime factors of 4684.
2, 1171
What are the prime factors of 4601?
43, 107
What are the prime factors of 3196?
2, 17, 47
List the prime factors of 4838.
2, 41, 59
List the prime factors of 16369.
16369
What are the prime factors of 2897?
2897
What are the prime factors of 4827?
3, 1609
What are the prime factors of 105215?
5, 11, 1913
List the prime factors of 393.
3, 131
List the prime factors of 247.
13, 19
List the prime factors of 19488.
2, 3, 7, 29
List the prime factors of 28619.
28619
List the prime factors of 124.
2, 31
What are the prime factors of 8850?
2, 3, 5, 59
List the prime factors of 5028.
2, 3, 419
What are the prime factors of 15936?
2, 3, 83
List the prime factors of 14646.
2, 3, 2441
What are the prime factors of 13656?
2, 3, 569
List the prime factors of 21679.
7, 19, 163
What are the prime factors of 1235?
5, 13, 19
List the prime factors of 127283.
13, 9791
List the prime factors of 10185.
3, 5, 7, 97
What are the prime factors of 36109?
36109
What are the prime factors of 17179?
41, 419
What are the prime factors of 158?
2, 79
What are the prime factors of 859?
859
List the prime factors of 1988.
2, 7, 71
List the prime factors of 19548.
2, 3, 181
What are the prime factors of 6550?
2, 5, 131
What are the prime factors of 6520?
2, 5, 163
List the prime factors of 66837.
3, 22279
What are the prime factors of 66388?
2, 7, 2371
What are the prime factors of 3538?
2, 29, 61
List the prime factors of 4040.
2, 5, 101
List the prime factors of 141.
3, 47
What are the prime factors of 76927?
43, 1789
List the prime factors of 10826.
2, 5413
What are the prime factors of 10179?
3, 13, 29
List the prime factors of 40.
2, 5
List the prime factors of 23671.
23671
List the prime factors of 18187.
13, 1399
List the prime factors of 3156.
2, 3, 263
List the prime factors of 118130.
2, 5, 11813
What are the prime factors of 3417?
3, 17, 67
List the prime factors of 16831.
16831
List the prime factors of 34093.
103, 331
What are the prime factors of 4289?
4289
What are the prime factors of 1528?
2, 191
List the prime factors of 504.
2, 3, 7
List the prime factors of 1089.
3, 11
List the prime factors of 5364.
2, 3, 149
List the prime factors of 5598.
2, 3, 311
What are the prime factors of 2742?
2, 3, 457
What are the prime factors of 6818?
2, 7, 487
What are the prime factors of 74362?
2, 37181
List the prime factors of 1082.
2, 541
List the prime factors of 2184.
2, 3, 7, 13
What are the prime factors of 1773?
3, 197
What are the prime factors of 11606?
2, 7, 829
What are the prime factors of 96455?
5, 101, 191
What are the prime factors of 3873?
3, 1291
List the prime factors of 897.
3, 13, 23
What are the prime factors of 26744?
2, 3343
List the prime factors of 33140.
2, 5, 1657
What are the prime factors of 41406?
2, 3, 67, 103
List the prime factors of 1664.
2, 13
List the prime factors of 466.
2, 233
List the prime factors of 81056.
2, 17, 149
What are the prime factors of 38726?
2, 17, 67
List the prime factors of 133580.
2, 5, 6679
List the prime factors of 1109.
1109
List the prime factors of 286.
2, 11, 13
List the prime factors of 210.
2, 3, 5, 7
List the prime factors of 1604.
2, 401
What are the prime factors of 75238?
2, 37619
What are the prime factors of 23324?
2, 7, 17
List the prime factors of 1035.
3, 5, 23
List the prime factors of 524.
2, 131
What are the prime factors of 49532?
2, 7, 29, 61
List the prime factors of 22339.
89, 251
List the prime factors of 135593.
135593
What are the prime factors of 5610?
2, 3, 5, 11, 17
List the prime factors of 15313.
15313
List the prime factors of 10218.
2, 3, 13, 131
List the prime factors of 18064.
2, 1129
List the prime factors of 13244.
2, 7, 11, 43
What are the prime factors of 6721?
11, 13, 47
List the prime factors of 14630.
2, 5, 7, 11, 19
List the prime factors of 41855.
5, 11, 761
List the prime factors of 14868.
2, 3, 7, 59
What are the prime factors of 23873?
23873
What are the prime factors of 34162?
2, 19, 29, 31
List the prime factors of 6069.
3, 7, 17
What are the prime factors of 1726?
2, 863
What are the prime factors of 146783?
7, 13, 1613
What are the prime factors of 14921?
43, 347
List the prime factors of 51418.
2, 47, 547
What are the prime factors of 5721?
3, 1907
What are the prime factors of 3700?
2, 5, 37
List the prime factors of 19738.
2, 71, 139
What are the prime factors of 95901?
3, 13, 2459
What are the prime factors of 3841?
23, 167
What are the prime factors of 53243?
37, 1439
List the prime factors of 13915.
5, 11, 23
List the prime factors of 9214.
2, 17, 271
What are the prime factors of 51843?
3, 11, 1571
What are the prime factors of 23752?
2, 2969
What are the prime factors of 256?
2
What are the prime factors of 1142?
2, 571
What are the prime factors of 18?
2, 3
List the prime factors of 25012.
2, 13, 37
What are the prime factors of 4427?
19, 233
List the prime factors of 2884.
2, 7, 103
List the prime factors of 1002.
2, 3, 167
What are the prime factors of 3908?
2, 977
List the prime factors of 14327.
14327
What are the prime factors of 2047?
23, 89
What are the prime factors of 3781?
19, 199
List the prime factors of 1749.
3, 11, 53
List the prime factors of 1418.
2, 709
List the prime factors of 1797.
3, 599
List the prime factors of 23513.
7, 3359
List the prime factors of 965.
5, 193
What are the prime factors of 37910?
2, 5, 17, 223
List the prime factors of 2616.
2, 3, 109
List the prime factors of 311.
311
What are the prime factors of 4585?
5, 7, 131
What are the prime factors of 746?
2, 373
What are the prime factors of 672?
2, 3, 7
What are the prime factors of 691?
691
List the prime factors of 894.
2, 3, 149
List the prime factors of 14234.
2, 11, 647
What are the prime factors of 5802?
2, 3, 967
What are the prime factors of 30833?
11, 2803
What are the prime factors of 15382?
2, 7691
What are the prime factors of 57448?
2, 43, 167
List the prime factors of 10196.
2, 2549
List the prime factors of 25033.
25033
What are the prime factors of 3737?
37, 101
What are the prime factors of 450?
2, 3, 5
List the prime factors of 9018.
2, 3, 167
List the prime factors of 7203.
3, 7
What are the prime factors of 3058?
2, 11, 139
What are the prime factors of 1262?
2, 631
What are the prime factors of 10989?
3, 11, 37
What are the prime factors of 426?
2, 3, 71
List the prime factors of 20268.
2, 3, 563
What are the prime factors of